*y**2 + 2*y - 3. Let b be v(5). Suppose -q - b = -4*q. What are the prime factors of q?
19
Let l(z) = -z**3 + 2*z**2 + 3*z - 3. Let p be l(2). Suppose -p*v + 345 = 2*v. Suppose 4*r + 13 = v. List the prime factors of r.
2, 7
Suppose 5*u - 1806 = -101. List the prime factors of u.
11, 31
Let a(q) = q**3 - 10*q**2 - 8*q - 16. What are the prime factors of a(11)?
17
Let l be 0 - (0 - 2) - -8. Let b(r) = r**3 - 3*r**2 + r - 2. Let k be b(3). Suppose -l = -a - k. What are the prime factors of a?
3
Let s = -19 + 21. Let u = s + 13. List the prime factors of u.
3, 5
Suppose -4*z + 5 = -7. Let q(n) = -n + 1. Let o be q(z). What are the prime factors of (-57)/(-4) - o/(-8)?
2, 7
Let u = -57 - -67. List the prime factors of u.
2, 5
Suppose 0 = -5*z - y + 5, 0 = -4*z - 4*y + y + 4. Let t = 0 + z. List the prime factors of (-4)/(-2) - -11*t.
13
Let a(n) = n**3 + 14*n**2 + 13*n + 13. Let v be a(-13). Suppose -c = c - 14. Let t = v - c. What are the prime factors of t?
2, 3
Let c = -5 + 8. Suppose v = -c*v + 36. List the prime factors of v.
3
Let d(o) = 6*o - 2. Let a(j) = j - 1. Let m(w) = -5*a(w) + d(w). Let v be m(-5). What are the prime factors of 1 + 6 + 0 - v?
3
Let g(v) be the third derivative of 13*v**4/24 - 4*v**2. List the prime factors of g(3).
3, 13
Let j be 68/20 - 2/5. Suppose -a - 6 = -2*a - l, 2*l - 22 = -j*a. Suppose d + d - a = 0. List the prime factors of d.
5
Suppose 0 = -8*z + z + 875. What are the prime factors of z?
5
Let z(d) = d**3 - 4*d**2 - 2*d + 4. Let i be z(5). Suppose 3 = l + 2*b + b, -l + i = -b. List the prime factors of l.
3, 5
Let t(k) = -k**3 - 3*k**2 - k + 4. Let g be t(-3). Suppose g*b = 2*b + 10. What are the prime factors of b?
2
Let j be 4 + (-1)/(1/1). Suppose -t - 7 = j*l - 0*l, -2*l = 4*t + 18. Let m = 4 - t. List the prime factors of m.
2
Suppose -2*o + 23 = -203. List the prime factors of o.
113
Suppose 5*z = -5*r - 55, 5*r = 2*z - 27 - 35. Let i be 16/r*(-3)/(-2). List the prime factors of (-8 - 2)/(i/1).
5
Let y be 1/((-3)/(-46 - -1)). List the prime factors of y*2/3 - -3.
13
Suppose 2*s - 32 = 46. Let w = -18 + s. What are the prime factors of w?
3, 7
Suppose 0 = -3*c + 112 + 32. List the prime factors of c.
2, 3
Let v be 37 + -2 - (3 - 3). Suppose 8*m = 3*m + v. What are the prime factors of m?
7
Let u(x) = -x**3 + 6*x**2 + 6*x - 4. Let d be u(6). What are the prime factors of (d/20)/((-4)/(-110))?
2, 11
Suppose v = 5*v - 60. Suppose 4*d - v = -5*w, 25 = 4*d + w + 2*w. What are the prime factors of d?
2, 5
Suppose 1149 + 3107 = 16*y. List the prime factors of y.
2, 7, 19
Suppose 70 = 2*y + 12. What are the prime factors of y?
29
Let u = 7 - 6. Suppose 5*p + u - 41 = 0. What are the prime factors of p?
2
List the prime factors of (32/(-6))/((-220)/216 + 1).
2, 3
Suppose -3*h - 138 = 3*w, 2*w + 3*h = -2*w - 181. Let x = -18 - w. Let k = x + -15. List the prime factors of k.
2, 5
Suppose 4*j + 0*j + 7 = -o, 3*j = -6. What are the prime factors of o/(-4) - 621/(-36)?
17
Let w(y) = 2*y**3 + 3*y**2 - 3*y. Let g(o) = o**2 + 2*o - 1. Let j be g(-3). What are the prime factors of w(j)?
2, 11
Suppose 4*o - 5 = -u, -4*u = 4*o + 8 - 28. Suppose 0 = u*c - 0*t + t - 35, 3*c - 3 = 3*t. What are the prime factors of c?
2, 3
Suppose -4*d + 162 = -2*g, 2*d + 5*g - 84 = 3*g. List the prime factors of d.
41
Let i = -38 - -55. What are the prime factors of i?
17
Let f = 103 - 214. Let a = f + 175. Suppose -5*r + u = -60, r + 5*u = -2*r + a. What are the prime factors of r?
13
Let d(s) = s**3 - 10*s**2 + 10*s - 9. Suppose -3*h + l = -27, 18 = 2*h + 3*l + 2*l. Let i be d(h). Suppose 3*q - 15 - 51 = i. What are the prime factors of q?
2, 11
Let y = 0 + 7. List the prime factors of -3 + (y + -1 - -2).
5
Suppose -3*f - 52 = -187. Suppose -f = -4*o + 3*s, 4*o = s - 23 + 70. What are the prime factors of o?
2, 3
Let t(n) = -1 + 5 - 8*n - 7*n**2 + 10*n**3 - 9*n**3. Let f be t(8). Suppose -5*c = -4*c - f. List the prime factors of c.
2
Let t = 21 - 15. Let r = t + 5. Suppose 4*w = 25 + r. What are the prime factors of w?
3
Suppose -3*x + 4*x + 321 = 3*g, -3*g + 330 = -4*x. List the prime factors of g.
2, 53
Suppose -3*c - 239 + 773 = 0. List the prime factors of c.
2, 89
Let z = -74 + 157. List the prime factors of z.
83
Let z(v) = -v**3 + 3*v**2 + 5*v - 2. Let u be z(4). Suppose 35 + 25 = u*h. List the prime factors of h.
2, 3, 5
Let k = 18 + 23. What are the prime factors of k?
41
Let a(u) = u + 1. Let t be a(0). Suppose -c = t + 1. Let f = c - -5. What are the prime factors of f?
3
Suppose c = -5*w + 291, -4*c + 3*w = -3*c - 267. List the prime factors of c.
2, 3, 23
Suppose 8*u + 451 - 2571 = 0. What are the prime factors of u?
5, 53
Let d be -3*3/(-9)*4. Let k = d - 2. Suppose -3*g + k*g = -3. What are the prime factors of g?
3
Let p(v) = -3*v + 0*v - 2 + 4*v - 6*v. Suppose s + s - 12 = 3*r, -2*r = -5*s + 19. List the prime factors of p(r).
2
Let o be 1*(-11)/(-1) - -3. What are the prime factors of 2/(o/(-18) - -1)?
3
Suppose 0*u = -5*u + 195. Let y = -16 + u. What are the prime factors of y?
23
Let v(a) = -a**2 - 14*a - 23. What are the prime factors of v(-11)?
2, 5
Let i(q) = -q**2 + 6*q - 3. Let w be i(3). Suppose 3*o - 2*o - w = 0. What are the prime factors of o?
2, 3
Let y(h) = 5*h - 25. What are the prime factors of y(11)?
2, 3, 5
Suppose 3*q + 108 = 3*d + 24, 5*q + 2*d + 105 = 0. Let w = q - -45. What are the prime factors of (-3 - w/(-6))*15?
2, 5
What are the prime factors of (-36)/(-27)*(-9)/(-6)?
2
Let n(y) = y**3 - 6*y**2 - y + 13. List the prime factors of n(6).
7
Let o be (3 - 4) + -126 + 3. What are the prime factors of (o/(-1))/4 + 1?
2
Let y(v) = 3*v**3 + 8*v**2 + 6*v + 5. Let f be y(-5). What are the prime factors of 2/4 - f/16?
13
Suppose -2*j - 2*j = 5*s - 185, j + 3*s = 55. Let q = j - 23. What are the prime factors of q?
17
Let c(u) = 18*u**3 - 2*u**2 + 2*u - 1. Let f be c(1). Suppose -4*t = l - 92, -5*t - 2*l + f = -98. What are the prime factors of t?
23
Suppose 3*g - 1246 = -4*g. List the prime factors of g.
2, 89
Let y(k) = -103*k + 7. List the prime factors of y(-1).
2, 5, 11
List the prime factors of 1*(-1 - 2 - -46).
43
Suppose -5*g = -h - 8*g + 176, -3*h - 2*g = -514. Suppose -l + 6*l = h. List the prime factors of l.
2, 17
Let o = -18 + 9. Let u = -7 - o. Suppose -5*d + 32 = 4*z, 0 = -4*d - u*z + z + 30. List the prime factors of d.
2
Suppose -2*t - 10 + 116 = 0. List the prime factors of t.
53
Suppose 5*h - 10 = -0*h. Let z be (4/5)/(h/(-20)). Let d = 3 - z. What are the prime factors of d?
11
Let f = 3 - 1. Let v = f + 11. List the prime factors of v.
13
Let l = -69 + 101. Let c = l - 2. List the prime factors of c.
2, 3, 5
Suppose -3*n + 40 = 2*h, 5*n - 40 - 32 = 2*h. Suppose -4*k - n = -2*d, -k = d + 3*k - 1. List the prime factors of d.
5
Suppose 0 = 13*w - 9*w - 208. What are the prime factors of w?
2, 13
Let w = 24 + 9. What are the prime factors of w?
3, 11
Let f be ((-6)/(-15))/((-1)/5). Let h be 1/((f/3)/2). What are the prime factors of 1/h*(-1 - 8)?
3
Suppose 0*s - n = -s + 52, 3*s + 4*n - 149 = 0. Suppose -5*v = -3*g - s, 2*v - 3*g - 24 = -0*g. List the prime factors of v.
3
Let o(k) = -23*k - 1. Let x be o(1). What are the prime factors of 5/10*(-2 - x)?
11
Let y be (-2)/(-3 + (-21)/(-9)). Suppose 3*d - 3*g - 45 = 0, y*d + 3*g + 35 = 5*d. List the prime factors of d.
2, 5
Let t be (-8)/(-28) - 4/14. Suppose -5*w - 4*q + 14 = t, -2*w + 3*q + 1 = -0*w. Suppose w*y + 5 = 33. What are the prime factors of y?
2, 7
Let q = 49 + -13. What are the prime factors of 368/q + 6/(-27)?
2, 5
Suppose 4*r + 109 - 705 = -2*v, -454 = -3*r + 2*v. What are the prime factors of r?
2, 3, 5
Let p(o) = -5*o + 7. What are the prime factors of p(-10)?
3, 19
Let h(m) = -m**3 + 8*m**2 - 6*m - 5. Suppose 3*g = 4*b + 37, -2*g + b = -g - 11. Let p be h(g). Suppose p*r - 6 = 16. What are the prime factors of r?
11
Suppose 0*c + 4*c = -44. List the prime factors of -1*c/(-2)*-2.
11
Let v(l) = l**3 + 4*l**2 + 3*l - 2. Let x be v(-3). Let m = 4 + x. Suppose -m*b - 1 = -19. What are the prime factors of b?
3
Suppose 0 = 41*i - 39*i - 184. List the prime factors of i.
2, 23
Suppose 4*c = 4*h - 24, 24 = -2*c - 2*c - 2*h. Let l be c/(-8)*(11 - 7). Suppose -m - l*m = a - 31, -3*a + 37 = 5*m. List the prime factors of m.
